0)/(30/14 - 2). Suppose 4*w + 166 = 5*b - 134, -120 = -2*b + 5*w. What is the highest common divisor of b and v?
10
Suppose 23 + 277 = 12*a. Calculate the greatest common divisor of a and 5.
5
Let a be 18/(-24)*14*20/(-7). Calculate the highest common divisor of a and 6.
6
Suppose -2*o = 3*s + 41 + 35, 2*o + s + 72 = 0. Let z = o + 47. Let l(x) = 2*x**3 - x**2 - 2*x. Let u be l(2). What is the greatest common factor of u and z?
4
Suppose 122 = 5*c + 2. Suppose 2*x = -3*k - 25, 3*k - 5*k + 4*x = 6. Let p be 2/2 - 2 - k. Calculate the highest common factor of c and p.
6
Suppose -18*d = -405 - 99. Let b = 20 + -11. Let h be ((-42)/8)/(b/(-24)). What is the highest common factor of d and h?
14
Let o(c) = 5*c + 25. Let f be o(-4). Suppose -2*j = -f*m + 3*m + 20, 80 = 4*m + 4*j. Calculate the greatest common factor of m and 30.
15
Let w = -141 + 143. Calculate the highest common divisor of 54 and w.
2
Let c(x) = x**3 + 12*x**2 + 21*x + 17. Let t be c(-10). What is the greatest common factor of t and 126?
7
Let m = -181 - -265. Suppose -4*j - 5*r = -22 + 3, 4*j - 5*r - 29 = 0. Let g be ((-32)/(-20))/(j/45). What is the highest common factor of g and m?
12
Let w be (16/3)/(2/24). Let n = -746 - -754. What is the highest common divisor of w and n?
8
Let w be 8*3 + 1/(-1). Suppose 0 = -5*k - w + 198. Let i be (-2 - (-54)/21) + 806/182. Calculate the greatest common factor of i and k.
5
Suppose 2*o - 2*j - 118 = 0, -2*o = -7*o + 2*j + 310. Calculate the highest common factor of 288 and o.
32
Suppose 0 = -33*q - 4*q + 76627. Calculate the greatest common divisor of 19 and q.
19
Let a = -1362 + 1369. Calculate the greatest common divisor of a and 497.
7
Let n be (26 + 3)*(-2)/(-1). Calculate the highest common divisor of 638 and n.
58
Let p(t) = 5*t. Let r(s) = -4*s + 1. Let h(y) = 3*p(y) + 4*r(y). Let i be h(0). Suppose 3*w - 4*w = -i. What is the highest common divisor of w and 36?
4
Let z(g) = 7*g + 236. Let i be z(-11). What is the highest common divisor of 212 and i?
53
Let l(f) = f**2 + 2*f + 4. Let k be l(-2). Suppose -8*w = -4*d - 7*w + 164, -2*d - k*w + 64 = 0. What is the highest common divisor of d and 10?
10
Let c = -7 - -22. Let z be (20/15)/((-2)/(-6)). Suppose -4*s + z*d - 2*d = -32, -3*s = -d - 22. Calculate the highest common divisor of c and s.
3
Let o = -11 - -15. Let v(c) = 2*c + 5 - o*c - 6. Let s be v(-13). Calculate the greatest common divisor of 200 and s.
25
Let p(o) = -3*o - 2*o - 25 + 22 + 0*o. Let m be p(-7). Calculate the highest common factor of 16 and m.
16
Let r be (-7)/2*(-1 - 9). Let q = -34 + r. Let s be 126 + (-3 - -3)/q. Calculate the highest common factor of 14 and s.
14
Suppose -4*p + 2*d = 1 + 5, 0 = -5*d - 15. Let b be 1 - (9 + p)*-1. Calculate the greatest common divisor of b and 7.
7
Suppose -7*k + 6 = -4*k. Let c = -3 + 5. Let b = k + c. Calculate the greatest common divisor of 12 and b.
4
Let f = 20 - 17. Suppose 0 = -f*u + 3*z + 102, -5*u + 4*z = -49 - 121. What is the greatest common divisor of u and 17?
17
Let z(u) = u**3 + 3*u**2 - 13*u - 7. Let q be z(-7). Let d = q - -189. What is the highest common divisor of d and 7?
7
Suppose 0 = -2*z + 16 + 110. What is the highest common divisor of z and 189?
63
Let l(g) be the second derivative of 6*g + 3/20*g**5 - 5/12*g**4 - 3/2*g**2 + 0 + 1/2*g**3. Let p be l(3). What is the greatest common factor of p and 6?
6
Suppose 0 = 4*a - 78 - 274. Suppose -3*f = -4*t + 10, -3*f - f - 8 = 0. Let i be (-24)/1*t*(-3)/9. What is the highest common divisor of i and a?
8
Suppose 2*l - 8*a = -3*a + 132, 104 = 2*l + 2*a. What is the highest common factor of 196 and l?
28
Suppose -34 = 3*w + 14. Let l = 128 + w. What is the greatest common factor of 14 and l?
14
Let x = -7 - -12. Let y = 2334 - 2329. What is the greatest common factor of x and y?
5
Let y(a) = -129*a - 7. Let o(l) = -128*l - 8. Let p(j) = 2*o(j) - 3*y(j). Let v be p(1). Calculate the highest common factor of v and 17.
17
Suppose 3*z - 1049 - 31 = 0. Suppose 0 = 22*k - 20*k - 90. Calculate the greatest common factor of k and z.
45
Suppose -2*s = 2*s - 8. Suppose -5*k - 699 = -s*k. Let m be (-6)/21 + k/(-7). What is the greatest common factor of m and 3?
3
Let s be 1496/(-33)*18/(-4). What is the highest common factor of s and 48?
12
Let f = 365 + -355. What is the highest common factor of f and 55?
5
Let f(v) = -41*v + 210. Let h be f(0). Calculate the greatest common divisor of 70 and h.
70
Suppose 3*i - 8*h - 1547 = -12*h, -2*i = -2*h - 1036. What is the greatest common divisor of 94 and i?
47
Suppose -4*r - 3*k + 80 = 0, 98 = 4*r - 4*k + 18. What is the highest common factor of r and 380?
20
Let n be -5*((56/20 - 1) + -2). Let c be (-109)/(-4) - n/4. Suppose 9 = 3*o + 5*a, -o = -5*o + 2*a + 12. Calculate the greatest common divisor of o and c.
3
Let h be (-1)/2 + (-13)/(-26). Suppose h*f + 5*f = -25. Let d be (4 + -1)*(-2 - f). Calculate the highest common divisor of 63 and d.
9
Let f be (107 - 1)*(-30 - 1 - -4). Let d be f/(-5) + 4/(-10). What is the highest common divisor of d and 52?
52
Let r = -46 + 68. Suppose 6*d = d + 20. Suppose 22 + 22 = d*n. What is the highest common factor of r and n?
11
Let b be (20 + -2 + -3)/(96/1216). Calculate the greatest common factor of b and 475.
95
Let q(f) = 2*f - 12. Let z be q(8). Let c = z + 5. Suppose 4*j - 288 = 5*l - 25, 3*j = 2*l + 206. Calculate the greatest common divisor of j and c.
9
Let n be 2388/14 + -8*(-1)/(-14). What is the highest common factor of n and 20?
10
Suppose -3*d = -b - 58, b = -4*b + 10. Suppose 4*a - 24 - d = 0. Let j = -17 + 72. What is the highest common divisor of a and j?
11
Suppose 5*p + 3*i = 5986 + 2065, 3*p - 4842 = 2*i. What is the greatest common factor of 52 and p?
52
Suppose 0 = -0*d + 4*d + 128. Let c be ((-6)/(-5))/(4/10). Let s be c*d/18*-3. Calculate the greatest common divisor of 32 and s.
16
Suppose 5*d - 5*o = 125, -3*o = d - 5*d + 95. Let q(a) = -a**2 - a + 8. Let f be q(0). Calculate the highest common factor of d and f.
4
Let w = 44 - -3. Let k = w - 38. Calculate the greatest common factor of k and 36.
9
Let b be (-3116)/(-26) + 4/26. Let i(a) = 2*a**3 - 6*a**2 + 5*a - 4. Let k be i(4). What is the greatest common divisor of k and b?
24
Let a(o) = 1. Let q(k) = -6 + 15*k + 14*k - 7*k. Let p(h) = 5*a(h) - q(h). Let c be p(-5). What is the greatest common factor of c and 11?
11
Let n(v) = -9*v**3 - 5*v**2 + 11*v - 11. Let g be n(5). Let z be 2/2 + g/(-9). Suppose -5*l = -126 + 51. What is the greatest common factor of z and l?
15
Let p be 2/8 + (-4305)/(-28). Let b = p - 54. What is the highest common factor of b and 25?
25
Suppose -4*t - 9 = -p, -3*t = 4*p - 37 + 39. Let w(l) = 8*l**2 - l - 2. Let j be w(-2). Let z be (j/12)/(4/6). What is the highest common divisor of p and z?
1
Suppose -2*d = -5*b + 2530, -3*b + 1136 = 2*d - 366. Calculate the highest common divisor of b and 48.
24
Suppose -2*j + 212 - 16 = 0. What is the highest common divisor of j and 182?
14
Let v(r) = r**3 + 27*r**2 + 15*r - 280. Let b be v(-26). What is the greatest common factor of b and 69?
3
Let n = 6 + -1. Let p be 3/12 + n/(-4). Let f be (-298)/(-10) - p/5. Calculate the highest common factor of f and 20.
10
Let m be (-3 - (-1132)/10) + 1/(-5). Suppose -12*h + 7*h + m = 0. Calculate the highest common divisor of h and 22.
22
Suppose -1048 + 390 = -p. Calculate the greatest common factor of 28 and p.
14
Let f(x) = x**2 + 7*x + 2. Let a be f(-7). Suppose i = -4*d + 618, -5*d + a*i + i + 764 = 0. Calculate the highest common divisor of d and 14.
14
Let q(u) = 2*u**2 + u + 3. Let w be q(-6). Let m = -41 + w. Suppose -4*b + 24 = -d, -6*b + d - 25 = -9*b. What is the highest common divisor of m and b?
7
Let x = -42 + 77. Suppose -3*d - 48 = -3*c, -7*c + 10*c - 2*d - 46 = 0. Calculate the highest common factor of c and x.
7
Let k be -42*(0 + 8/(-16)). Calculate the highest common factor of k and 1092.
21
Let h be 16/(-10)*30/4. Let c = 20 + h. What is the highest common divisor of c and 4?
4
Suppose -14*y = -16*y + 200. What is the highest common factor of y and 400?
100
Suppose -127*f + 5160 = -84*f. Calculate the greatest common divisor of 21 and f.
3
Suppose -4*x = -0*x - 72. Let t = x + -6. What is the highest common factor of 30 and t?
6
Let d